{"id":30,"date":"2022-06-27T17:05:28","date_gmt":"2022-06-27T15:05:28","guid":{"rendered":"http:\/\/galeriacologne.de\/akademie\/?page_id=30"},"modified":"2022-06-27T17:28:15","modified_gmt":"2022-06-27T15:28:15","slug":"impressum","status":"publish","type":"page","link":"http:\/\/galeriacologne.de\/akademie\/impressum\/","title":{"rendered":"Impressum"},"content":{"rendered":"\n<p><strong>Betreiber und Kontakt:<\/strong><br>Andr\u00e9 Stiller<\/p>\n\n\n\n<p>H\u00fcttengasse 1<br>57577 Hamm (Sieg)<\/p>\n\n\n\n<p>Angaben zur elektronischen und unmittelbaren Kontaktaufnahme<br>Telefonnummer: 0175\/8337508<br>E-Mail-Adresse:&nbsp;<a href=\"mailto:info@galeriacologne.de\">info@galeriacologne.de<\/a><\/p>\n\n\n\n<p><strong>Bildnachweis<\/strong>:<br>Alle Bilder, die ihr hier auf dieser Website in Verwendung findet, wurden ausschlie\u00dflich selbst fotografiert und unterliegen eigenem Copyright. Ohne ausdr\u00fcckliche Einwilligung d\u00fcrfen diese in keiner Weise genutzt, vervielf\u00e4ltigt, ver\u00e4ndert oder an Dritte weitergegeben werden. Jede Zuwiderhandlung wird als Versto\u00df gegen das Urheberrecht zur Anzeige gebracht und straf- und zivilrechtlich verfolgt.<br>\u00a9 Copyright bei Akademie-Hamm <\/p>\n\n\n\n<p><strong>Haftungshinweis:<\/strong><br>Gem\u00e4\u00df Urteil des Landgerichts Hamburg vom 12. Mai 1998 \u2013 Aktenzeichen 312085\/98 \u201eHaftung f\u00fcr Links\u201c \u2013 distanziere ich mich hiermit von den Aussagen und Inhalten gelinkter Seiten.<br>Jegliche rechtliche und gesetzliche Verst\u00f6\u00dfe auf diesen waren zum Zeitpunkt der Verlinkung nicht bekannt. Aus diesem Grund bin ich nicht verantwortlich bzw. haftbar f\u00fcr Probleme oder Sch\u00e4den in jeglicher Form, die durch Existenz, Kenntnis, Besuch oder Nutzung gelinkter Seiten entstehen.<\/p>\n\n\n\n<p><strong>Datenschutz nach DS-GVO:<\/strong><br><strong>1) Grunds\u00e4tzliches zum Umgang mit personenbezogenen Daten<\/strong><br>Du kannst meine Website besuchen, ohne Angaben zu Deiner Person zu machen, es werden auf meiner Website keinerlei personenbezogene Daten gespeichert, abgefragt oder weitergegeben. Bei jedem Zugriff auf meine Website werden Nutzungsdaten in Protokolldateien (sogenannten Server-Logfiles), wie z.B. Datum und Uhrzeit des Abrufs, Name der aufgerufenen Seite, \u00fcbertragene Datenmenge und den anfragenden Provider, gespeichert, diese Nutzungsdaten werden durch den jeweiligen Internetbrowser \u00fcbermittelt. Diese Daten k\u00f6nnen keiner bestimmten Person zugeordnet werden und dienen ausschlie\u00dflich der Sicherstellung eines st\u00f6rungsfreien Betrieb und der Verbesserung der Website.<\/p>\n\n\n\n<p><strong>2) Cookies<\/strong><br>Um den Besuch unserer Website attraktiv zu gestalten und zum erm\u00f6glichen der Nutzung bestimmter Funktionen, verwenden wir auf verschiedenen Seiten sogenannte Cookies. Bei Cookies handelt es sich um kleine Textdateien, die auf Deinem Endger\u00e4t abgelegt werden. Einige der von uns verwendeten Cookies werden nach dem Ende der Browser-Sitzung, also nach Schlie\u00dfen Deines Browsers, wieder gel\u00f6scht (sog. Sitzungs-Cookies). Andere Cookies verbleiben auf Deinem Endger\u00e4t und erm\u00f6glichen uns, Deinen Browser beim n\u00e4chsten Besuch wiederzuerkennen (persistente Cookies). Du kannst Deinen Browser in den Einstellungen so einstellen, dass Du \u00fcber das Setzen von Cookies informiert wirst und einzeln \u00fcber deren Annahme entscheidest oder die Annahme von Cookies f\u00fcr bestimmte F\u00e4lle oder generell ausschlie\u00dft. Bei der Nichtannahme von Cookies kann die Funktionalit\u00e4t unserer Website eventuell eingeschr\u00e4nkt sein.<\/p>\n\n\n\n<p><strong>3) Datenschutzerkl\u00e4rung f\u00fcr die Nutzung sozialer Netzwerke<\/strong><br><strong>3.1<\/strong> Datenschutzerkl\u00e4rung f\u00fcr die Nutzung von Facebook-Plugins (z.B. Like-Button)<br>Auf unserer Webseiten sind Plugins des sozialen Netzwerks Facebook, 1601 South California Avenue, Palo Alto, CA 94304, USA integriert. Die Facebook-Plugins erkennst Du an dem Facebook-Logo oder dem \u201eLike-Button\u201c (\u201eGef\u00e4llt mir\u201c) auf unserer Seite. Eine \u00dcbersicht \u00fcber die Facebook-Plugins findest Du hier: http:\/\/developers.facebook.com\/docs\/plugins\/ . Wenn Du unsere Seite besuchst, kann \u00fcber das Plugin eine direkte Verbindung zwischen Deinem Browser und dem Facebook-Server hergestellt werden. Facebook erh\u00e4lt dadurch die Information, dass Du mit Deiner IP-Adresse unsere Seite besucht hast. Wenn Du den Facebook \u201eLike-Button\u201c anklickst w\u00e4hrend Du in Deinem Facebook-Account eingeloggt bist, kannst Du die Inhalte unserer Seiten auf Deinem Facebook-Profil verlinken. Dadurch kann Facebook den Besuch unserer Seiten Deinem Benutzerkonto zuordnen. Wir weisen darauf hin, dass wir als Anbieter der Seiten keine Kenntnis vom Inhalt der \u00fcbermittelten Daten sowie deren Nutzung durch Facebook erhalten. Weitere Informationen hierzu findest Du in der Datenschutzerkl\u00e4rung von facebook unter&nbsp;<a rel=\"noreferrer noopener\" href=\"http:\/\/de-de.facebook.com\/policy.php\" target=\"_blank\">http:\/\/de-de.facebook.com\/policy.php<\/a><br>Wenn Du nicht w\u00fcnschst, dass Facebook den Besuch unserer Seiten Deinem Facebook-Nutzerkonto zuordnen kann, logge Dich&nbsp; bitte aus Deinem Facebook-Benutzerkonto aus.<br>Die erhobenen Daten sind f\u00fcr uns anonym, bieten uns also keine R\u00fcckschl\u00fcsse auf die Identit\u00e4t der Nutzer. Allerdings werden die Daten von Facebook gespeichert und verarbeitet, sodass eine Verbindung zum jeweiligen Nutzerprofil m\u00f6glich ist und Facebook die Daten f\u00fcr eigene Werbezwecke, entsprechend der Facebook- Datenverwendungsrichtlinie (<a rel=\"noreferrer noopener\" href=\"https:\/\/www.facebook.com\/about\/privacy\/\" target=\"_blank\">https:\/\/www.facebook.com\/about\/privacy\/<\/a>) verwenden kann.<br>Du kannst Facebook sowie dessen Partnern das Schalten von Werbeanzeigen auf und au\u00dferhalb von Facebook erm\u00f6glichen. Es kann ferner zu diesen Zwecken ein Cookie auf Deinem Rechner gespeichert werden.<br>Eine Einwilligung in den Einsatz des Facebook-Pixels darf nur von Nutzern, die \u00e4lter als 13 Jahre alt sind, erkl\u00e4rt werden. Falls Du j\u00fcnger bist, bitten wir Dich, Deine Erziehungsberechtigten um Erlaubnis zu fragen.<\/p>\n\n\n\n<p><strong>3.2<\/strong> Datenschutzerkl\u00e4rung f\u00fcr die Nutzung von Flickr<br>Welche Daten von Dir erhoben, gespeichert oder weitergegeben werden, wenn Du Dir meine Foto-Alben auf Flickr mit oder auch ohne Registrierung\/Account anschaust, kannst Du der Flickr- Datenverwendungsrichtlinie (<a rel=\"noreferrer noopener\" href=\"https:\/\/policies.oath.com\/ie\/de\/oath\/privacy\/products\/flickr\/index.html\" target=\"_blank\">https:\/\/policies.oath.com\/ie\/de\/oath\/privacy\/products\/flickr\/index.html<\/a>) entnehmen.<\/p>\n\n\n\n<p>Stand 16.06.2022<\/p>\n","protected":false},"excerpt":{"rendered":"<p>Betreiber und Kontakt:Andr\u00e9 Stiller H\u00fcttengasse 157577 Hamm (Sieg) Angaben zur elektronischen und unmittelbaren KontaktaufnahmeTelefonnummer: 0175\/8337508E-Mail-Adresse:&nbsp;info@galeriacologne.de Bildnachweis:Alle Bilder, die ihr hier auf dieser Website in Verwendung findet, wurden ausschlie\u00dflich selbst fotografiert und unterliegen eigenem Copyright. Ohne ausdr\u00fcckliche Einwilligung d\u00fcrfen diese in keiner Weise genutzt, vervielf\u00e4ltigt, ver\u00e4ndert oder an Dritte weitergegeben werden. [&hellip;]<\/p>\n","protected":false},"author":1,"featured_media":0,"parent":0,"menu_order":0,"comment_status":"closed","ping_status":"closed","template":"","meta":{"ngg_post_thumbnail":0,"footnotes":""},"class_list":["post-30","page","type-page","status-publish","hentry"],"_links":{"self":[{"href":"http:\/\/galeriacologne.de\/akademie\/wp-json\/wp\/v2\/pages\/30","targetHints":{"allow":["GET"]}}],"collection":[{"href":"http:\/\/galeriacologne.de\/akademie\/wp-json\/wp\/v2\/pages"}],"about":[{"href":"http:\/\/galeriacologne.de\/akademie\/wp-json\/wp\/v2\/types\/page"}],"author":[{"embeddable":true,"href":"http:\/\/galeriacologne.de\/akademie\/wp-json\/wp\/v2\/users\/1"}],"replies":[{"embeddable":true,"href":"http:\/\/galeriacologne.de\/akademie\/wp-json\/wp\/v2\/comments?post=30"}],"version-history":[{"count":3,"href":"http:\/\/galeriacologne.de\/akademie\/wp-json\/wp\/v2\/pages\/30\/revisions"}],"predecessor-version":[{"id":56,"href":"http:\/\/galeriacologne.de\/akademie\/wp-json\/wp\/v2\/pages\/30\/revisions\/56"}],"wp:attachment":[{"href":"http:\/\/galeriacologne.de\/akademie\/wp-json\/wp\/v2\/media?parent=30"}],"curies":[{"name":"wp","href":"https:\/\/api.w.org\/{rel}","templated":true}]}}

<p><strong>Betreiber und Kontakt:</strong><br>André Stiller</p>



<p>Hüttengasse 1<br>57577 Hamm (Sieg)</p>



<p>Angaben zur elektronischen und unmittelbaren Kontaktaufnahme<br>Telefonnummer: 0175/8337508<br>E-Mail-Adresse:&nbsp;<a href="mailto:info@galeriacologne.de">info@galeriacologne.de</a></p>



<p><strong>Bildnachweis</strong>:<br>Alle Bilder, die ihr hier auf dieser Website in Verwendung findet, wurden ausschließlich selbst fotografiert und unterliegen eigenem Copyright. Ohne ausdrückliche Einwilligung dürfen diese in keiner Weise genutzt, vervielfältigt, verändert oder an Dritte weitergegeben werden. Jede Zuwiderhandlung wird als Verstoß gegen das Urheberrecht zur Anzeige gebracht und straf- und zivilrechtlich verfolgt.<br>© Copyright bei Akademie-Hamm </p>



<p><strong>Haftungshinweis:</strong><br>Gemäß Urteil des Landgerichts Hamburg vom 12. Mai 1998 – Aktenzeichen 312085/98 „Haftung für Links“ – distanziere ich mich hiermit von den Aussagen und Inhalten gelinkter Seiten.<br>Jegliche rechtliche und gesetzliche Verstöße auf diesen waren zum Zeitpunkt der Verlinkung nicht bekannt. Aus diesem Grund bin ich nicht verantwortlich bzw. haftbar für Probleme oder Schäden in jeglicher Form, die durch Existenz, Kenntnis, Besuch oder Nutzung gelinkter Seiten entstehen.</p>



<p><strong>Datenschutz nach DS-GVO:</strong><br><strong>1) Grundsätzliches zum Umgang mit personenbezogenen Daten</strong><br>Du kannst meine Website besuchen, ohne Angaben zu Deiner Person zu machen, es werden auf meiner Website keinerlei personenbezogene Daten gespeichert, abgefragt oder weitergegeben. Bei jedem Zugriff auf meine Website werden Nutzungsdaten in Protokolldateien (sogenannten Server-Logfiles), wie z.B. Datum und Uhrzeit des Abrufs, Name der aufgerufenen Seite, übertragene Datenmenge und den anfragenden Provider, gespeichert, diese Nutzungsdaten werden durch den jeweiligen Internetbrowser übermittelt. Diese Daten können keiner bestimmten Person zugeordnet werden und dienen ausschließlich der Sicherstellung eines störungsfreien Betrieb und der Verbesserung der Website.</p>



<p><strong>2) Cookies</strong><br>Um den Besuch unserer Website attraktiv zu gestalten und zum ermöglichen der Nutzung bestimmter Funktionen, verwenden wir auf verschiedenen Seiten sogenannte Cookies. Bei Cookies handelt es sich um kleine Textdateien, die auf Deinem Endgerät abgelegt werden. Einige der von uns verwendeten Cookies werden nach dem Ende der Browser-Sitzung, also nach Schließen Deines Browsers, wieder gelöscht (sog. Sitzungs-Cookies). Andere Cookies verbleiben auf Deinem Endgerät und ermöglichen uns, Deinen Browser beim nächsten Besuch wiederzuerkennen (persistente Cookies). Du kannst Deinen Browser in den Einstellungen so einstellen, dass Du über das Setzen von Cookies informiert wirst und einzeln über deren Annahme entscheidest oder die Annahme von Cookies für bestimmte Fälle oder generell ausschließt. Bei der Nichtannahme von Cookies kann die Funktionalität unserer Website eventuell eingeschränkt sein.</p>



<p><strong>3) Datenschutzerklärung für die Nutzung sozialer Netzwerke</strong><br><strong>3.1</strong> Datenschutzerklärung für die Nutzung von Facebook-Plugins (z.B. Like-Button)<br>Auf unserer Webseiten sind Plugins des sozialen Netzwerks Facebook, 1601 South California Avenue, Palo Alto, CA 94304, USA integriert. Die Facebook-Plugins erkennst Du an dem Facebook-Logo oder dem „Like-Button“ („Gefällt mir“) auf unserer Seite. Eine Übersicht über die Facebook-Plugins findest Du hier: http://developers.facebook.com/docs/plugins/ . Wenn Du unsere Seite besuchst, kann über das Plugin eine direkte Verbindung zwischen Deinem Browser und dem Facebook-Server hergestellt werden. Facebook erhält dadurch die Information, dass Du mit Deiner IP-Adresse unsere Seite besucht hast. Wenn Du den Facebook „Like-Button“ anklickst während Du in Deinem Facebook-Account eingeloggt bist, kannst Du die Inhalte unserer Seiten auf Deinem Facebook-Profil verlinken. Dadurch kann Facebook den Besuch unserer Seiten Deinem Benutzerkonto zuordnen. Wir weisen darauf hin, dass wir als Anbieter der Seiten keine Kenntnis vom Inhalt der übermittelten Daten sowie deren Nutzung durch Facebook erhalten. Weitere Informationen hierzu findest Du in der Datenschutzerklärung von facebook unter&nbsp;<a rel="noreferrer noopener" href="http://de-de.facebook.com/policy.php" target="_blank">http://de-de.facebook.com/policy.php</a><br>Wenn Du nicht wünschst, dass Facebook den Besuch unserer Seiten Deinem Facebook-Nutzerkonto zuordnen kann, logge Dich&nbsp; bitte aus Deinem Facebook-Benutzerkonto aus.<br>Die erhobenen Daten sind für uns anonym, bieten uns also keine Rückschlüsse auf die Identität der Nutzer. Allerdings werden die Daten von Facebook gespeichert und verarbeitet, sodass eine Verbindung zum jeweiligen Nutzerprofil möglich ist und Facebook die Daten für eigene Werbezwecke, entsprechend der Facebook- Datenverwendungsrichtlinie (<a rel="noreferrer noopener" href="https://www.facebook.com/about/privacy/" target="_blank">https://www.facebook.com/about/privacy/</a>) verwenden kann.<br>Du kannst Facebook sowie dessen Partnern das Schalten von Werbeanzeigen auf und außerhalb von Facebook ermöglichen. Es kann ferner zu diesen Zwecken ein Cookie auf Deinem Rechner gespeichert werden.<br>Eine Einwilligung in den Einsatz des Facebook-Pixels darf nur von Nutzern, die älter als 13 Jahre alt sind, erklärt werden. Falls Du jünger bist, bitten wir Dich, Deine Erziehungsberechtigten um Erlaubnis zu fragen.</p>



<p><strong>3.2</strong> Datenschutzerklärung für die Nutzung von Flickr<br>Welche Daten von Dir erhoben, gespeichert oder weitergegeben werden, wenn Du Dir meine Foto-Alben auf Flickr mit oder auch ohne Registrierung/Account anschaust, kannst Du der Flickr- Datenverwendungsrichtlinie (<a rel="noreferrer noopener" href="https://policies.oath.com/ie/de/oath/privacy/products/flickr/index.html" target="_blank">https://policies.oath.com/ie/de/oath/privacy/products/flickr/index.html</a>) entnehmen.</p>



<p>Stand 16.06.2022</p>

<p>Betreiber und Kontakt:André Stiller Hüttengasse 157577 Hamm (Sieg) Angaben zur elektronischen und unmittelbaren KontaktaufnahmeTelefonnummer: 0175/8337508E-Mail-Adresse:&nbsp;info@galeriacologne.de Bildnachweis:Alle Bilder, die ihr hier auf dieser Website in Verwendung findet, wurden ausschließlich selbst fotografiert und unterliegen eigenem Copyright. Ohne ausdrückliche Einwilligung dürfen diese in keiner Weise genutzt, vervielfältigt, verändert oder an Dritte weitergegeben werden. [&hellip;]</p>
